{"id":1257,"date":"2024-04-23T13:45:54","date_gmt":"2024-04-23T11:45:54","guid":{"rendered":"https:\/\/buchprinzessin-nina.at\/shop\/?post_type=product&#038;p=1257"},"modified":"2024-04-23T13:45:55","modified_gmt":"2024-04-23T11:45:55","slug":"schaumstoff-pistole","status":"publish","type":"product","link":"https:\/\/buchprinzessin-nina.at\/shop\/produkt\/schaumstoff-pistole\/","title":{"rendered":"Schaumstoff &#8211; Pistole"},"content":{"rendered":"<p>Die Schaumstoff-Pistole ist ein Spielzeug, das f\u00fcr sicheres und unterhaltsames Spielen entwickelt wurde. Sie verwendet Schaumstoffpfeile oder Darts und bietet einfache Handhabung f\u00fcr Spiele im Innen- und Au\u00dfenbereich. Ideal f\u00fcr fantasievolle Abenteuer und zur Verbesserung der Hand-Augen-Koordination.<\/p>\n<p>Schussreichweite von 5-10 Meter m\u00f6glich. Farblich sortiert (rot, blau, gr\u00fcn, orange)<\/p>\n<p>&nbsp;<\/p>\n<p>Firma Bartl<\/p>\n<p>EAN: 4260170064288<\/p>\n<p>&nbsp;<\/p>\n","protected":false},"excerpt":{"rendered":"<p>Die Schaumstoff-Pistole ist ein Spielzeug, das f\u00fcr sicheres und unterhaltsames Spielen entwickelt wurde. Sie verwendet Schaumstoffpfeile oder Darts und bietet einfache Handhabung f\u00fcr Spiele im Innen- und Au\u00dfenbereich. Ideal f\u00fcr fantasievolle Abenteuer und zur Verbesserung der Hand-Augen-Koordination. Schussreichweite von 5-10 Meter m\u00f6glich. Farblich sortiert (rot, blau, gr\u00fcn, orange) &nbsp; Firma Bartl EAN: 4260170064288 &nbsp;<\/p>\n","protected":false},"featured_media":1258,"template":"","meta":[],"product_brand":[],"product_cat":[79,78],"product_tag":[],"class_list":{"0":"post-1257","1":"product","2":"type-product","3":"status-publish","4":"has-post-thumbnail","6":"product_cat-geschenke","7":"product_cat-spielzeug","8":"product_shipping_class-brief-mittel","10":"first","11":"instock","12":"taxable","13":"shipping-taxable","14":"purchasable","15":"product-type-simple"},"_links":{"self":[{"href":"https:\/\/buchprinzessin-nina.at\/shop\/wp-json\/wp\/v2\/product\/1257","targetHints":{"allow":["GET"]}}],"collection":[{"href":"https:\/\/buchprinzessin-nina.at\/shop\/wp-json\/wp\/v2\/product"}],"about":[{"href":"https:\/\/buchprinzessin-nina.at\/shop\/wp-json\/wp\/v2\/types\/product"}],"wp:featuredmedia":[{"embeddable":true,"href":"https:\/\/buchprinzessin-nina.at\/shop\/wp-json\/wp\/v2\/media\/1258"}],"wp:attachment":[{"href":"https:\/\/buchprinzessin-nina.at\/shop\/wp-json\/wp\/v2\/media?parent=1257"}],"wp:term":[{"taxonomy":"product_brand","embeddable":true,"href":"https:\/\/buchprinzessin-nina.at\/shop\/wp-json\/wp\/v2\/product_brand?post=1257"},{"taxonomy":"product_cat","embeddable":true,"href":"https:\/\/buchprinzessin-nina.at\/shop\/wp-json\/wp\/v2\/product_cat?post=1257"},{"taxonomy":"product_tag","embeddable":true,"href":"https:\/\/buchprinzessin-nina.at\/shop\/wp-json\/wp\/v2\/product_tag?post=1257"}],"curies":[{"name":"wp","href":"https:\/\/api.w.org\/{rel}","templated":true}]}}